t z = -35 + t. Calculate the highest common factor of z and h.
39
Let l be 3 + -7*4/8*16. Let m = 60 + l. Calculate the highest common factor of 21 and m.
7
Let o be ((-52)/12 + 3)*-18. Let p be (-2)/(70/o + -3). Suppose 3*f = -6 + p. What is the greatest common factor of f and 42?
6
Let d(v) = -v**2 - 24*v - 62. Let l be d(-20). What is the highest common factor of l and 22?
2
Let r be ((-96)/(-5))/(12/(-160)). Let w = -11 - r. Calculate the greatest common factor of 35 and w.
35
Let s(a) = -40 + 3*a**3 - a**3 + 41 + 5*a - 8*a**2. Let m be s(7). Calculate the greatest common divisor of m and 30.
30
Suppose 278*l - 293*l + 180 = 0. Calculate the greatest common divisor of l and 124.
4
Suppose 16*k - 13192 = -72. What is the highest common factor of k and 20?
20
Suppose -4*j + 0*j + 144 = 0. Suppose -4*n - 114 = 3*s - 492, 114 = n + 4*s. What is the greatest common divisor of j and n?
18
Let i(k) = -2*k**2 - 75*k - 30. Let a(t) = t**2 - 2*t - 1. Let f(x) = 2*a(x) - i(x). Let g be f(-20). Calculate the greatest common divisor of 52 and g.
52
Suppose m + 5*w - 205 = 0, 0 = 5*m + 5*w + 121 - 1226. Calculate the greatest common divisor of 18 and m.
9
Suppose -5*q + 361 + 19 = 0. Let z = q - 49. Calculate the greatest common divisor of z and 3.
3
Let j(r) = 10*r - 17. Let m(o) = 8*o - 17. Let a(q) = 6*j(q) - 7*m(q). Let n = 13 + -6. Let s be a(n). Calculate the greatest common factor of s and 9.
9
Let k = 38 - -12. Let j = 72 - k. Suppose -2 - j = -4*z. Calculate the highest common factor of 3 and z.
3
Let z = 1744 - 1736. Let c = 78 - 46. What is the greatest common factor of z and c?
8
Let m(y) = y**2 + 1. Let z = 14 - 15. Let t be m(z). Suppose -f = -1, t*f = -4*r + 7*f + 15. What is the highest common factor of 55 and r?
5
Suppose -2*f - f = 0. Let s = f + 12. Suppose 4*i - 48 = -s. Calculate the highest common divisor of 1 and i.
1
Let k = 8 - 3. Suppose 0 = k*i - 3*i - 262. Let j = 281 - i. Calculate the highest common factor of 15 and j.
15
Suppose -3*a + 57 = -18. Let y(u) = -u + 11. Let s be y(11). Suppose s = n - 7*n + 150. What is the highest common factor of n and a?
25
Let r(d) = 118*d - 70. Let m be r(14). What is the greatest common factor of m and 14?
14
Let l be ((-190)/4)/(6 - 52/8). Let n = -1 - -6. Suppose -x - n = -24. Calculate the greatest common factor of l and x.
19
Let k be 166/4 + 2/((-60)/45). Suppose 35 = 2*h - 4*x + 5, 5*x + 40 = 3*h. What is the highest common divisor of k and h?
5
Suppose -5*s = f - 42, 2*f - 3*f = -3*s + 30. Calculate the highest common divisor of s and 324.
9
Suppose -25*q = 2*j - 20*q - 60, 0 = 5*j + 2*q - 108. Let t be 12*-3*(-1)/3. What is the highest common factor of j and t?
4
Let y = -395 + 405. Let x(a) = a**2 + 3*a + 8. Let b be x(-6). Let u = 51 - b. What is the greatest common factor of u and y?
5
Let j be (-10)/10 - (0 - 289). Suppose 3*u + j = 7*u. What is the highest common factor of u and 9?
9
Let o = 1088 - 1084. Suppose 0*m + 5 = 2*m + g, -6 = -3*m - 2*g. What is the highest common divisor of o and m?
4
Suppose 4*x + 3*c = 196, -5*c - 29 = -5*x + 181. Let v = x + -66. Let o be 5/(v/(-24)) + -1. Calculate the greatest common factor of o and 5.
5
Let a(s) = -s**3 + 14*s**2 - 5*s - 1. Let r be a(14). Let n = 77 + r. What is the highest common divisor of 10 and n?
2
Suppose -2*j = 3*u - 21, 2*j + 51 = -2*u + 7*u. Let p = 67 - 67. Suppose -2*s - 5*w = -44, p*s - w = 3*s - 79. What is the highest common factor of u and s?
9
Suppose 2*o - 4 = o. Let k be (-2)/(-39)*-3 + (-210)/(-182). Let q be k - -3 - -1*o. Calculate the greatest common factor of 24 and q.
8
Suppose -230*w = -227*w - 4680. Calculate the highest common factor of 78 and w.
78
Let o = 48 + -38. Suppose 9*q - o*q = -3. What is the greatest common factor of 21 and q?
3
Suppose 14*j - 13*j - s = 39, -3*j + 5*s = -111. Suppose -2*r = -3*r + 105. What is the greatest common factor of j and r?
21
Let t be ((-5)/(-10)*-12)/((-3)/26). Calculate the highest common factor of 1586 and t.
26
Suppose 0 = -17*o + 5*o + 1260. Suppose 5*m + 4832 - 1032 = 0. Let r be m/(-18) - 6/27. What is the greatest common divisor of r and o?
21
Let m(d) be the second derivative of 19*d**3/6 - 73*d**2/2 + 31*d. Let x be m(23). Calculate the greatest common factor of x and 52.
52
Suppose 0 = 15*a - 20*a + 25. Suppose -q - a = -3*o, -o - 5 = -3*q - 2*o. Calculate the highest common divisor of q and 1.
1
Let k = 742 + 1144. What is the greatest common divisor of 46 and k?
46
Suppose 4*q = -0*q + 56. Let y be (0 - 2)*(3 - q). What is the highest common factor of 22 and y?
22
Suppose 0 = -2*z - 2*z + 36. Suppose k + j + z = 28, -5*j = -3*k + 97. Let n be -11*(0 - 1)*24. What is the greatest common divisor of n and k?
24
Suppose -3*d + 230 = 5*a, -5*a + 206 = 3*d - 6*a. Calculate the greatest common divisor of d and 20.
10
Let p be 4/8*0/2. Let g = p - 0. Suppose -q - 2*q - 5*y + 56 = g, -y + 22 = q. What is the highest common divisor of 81 and q?
27
Let j = -707 + 782. Calculate the greatest common divisor of j and 435.
15
Let f be (0 - 1/2) + (-6025)/(-50). What is the highest common divisor of f and 15?
15
Let a be -2 - -10 - (0 - 17). Calculate the highest common divisor of 25 and a.
25
Suppose 124 - 104 = 5*m. Let o be ((-4)/6)/(m*(-6)/324). Calculate the highest common divisor of 24 and o.
3
Let o(t) = 3*t**2 - 4*t + 11 - 7*t - 7*t. Let f be o(11). What is the highest common factor of f and 22?
22
Let i = -854 + 870. Calculate the greatest common divisor of i and 8.
8
Let j = -112 - -62. Let z = -35 - j. Suppose z + 5 = 2*s. Calculate the highest common divisor of s and 90.
10
Let j(y) be the second derivative of -313*y**3/6 + y**2 + 13*y. Let n be j(-1). Calculate the highest common divisor of n and 35.
35
Suppose 0 = x + 4*q + 42, -2*x + 5*q = x + 126. Let k = x - -242. What is the highest common factor of k and 40?
40
Suppose -72*c + 67*c + 240 = 0. Let x = -18 - -25. Suppose -3*j - 60 = -4*m + x, 29 = 2*m + 3*j. Calculate the greatest common factor of m and c.
16
Let h(r) = 125*r + 1. Let q be h(1). Let s(c) = 2*c**3 + 45*c**2 + 22*c + 42. Let j be s(-22). Calculate the greatest common factor of j and q.
42
Let u(q) = 2*q**3 - 82*q**2 - 42*q + 56. Let g be u(42). Calculate the greatest common divisor of g and 140.
140
Suppose 3*k = 4*o - 43, -k + 3*k + 7 = o. Let x = -58 + 97. Calculate the highest common factor of x and o.
13
Let z = -28 + 64. Suppose -31*t + z = -28*t. Calculate the highest common factor of t and 108.
12
Suppose 6*j + 0*j - 24 = 0. Suppose 32 = j*f - 4*c, -2*f + 4*c - 32 = -6*f. What is the greatest common factor of f and 8?
8
Let s be (53/(-3))/((-4 - 0)/24). What is the highest common divisor of 2 and s?
2
Let w = -46 - -51. Suppose -5*d + w*o = -1730, 5*d + 3*o - 2*o - 1700 = 0. Calculate the highest common divisor of d and 31.
31
Let n = 11 + -1. Let a = 40 + -37. Suppose -3*w + 87 = -a. Calculate the highest common factor of n and w.
10
Suppose 2*v = 5*j - 1206, -v = -2*j - 0*v + 483. What is the greatest common factor of 15 and j?
15
Let v = 31 + -31. Suppose 3*s - 3*l - 195 = v, 117 = 3*s + l - 70. Suppose -35 = n - 6*n. What is the greatest common factor of s and n?
7
Suppose 2*p = 32 - 20. Let c = 24 + p. What is the greatest common factor of 270 and c?
30
Let r(s) = 40*s + 72. Let y be r(7). Calculate the highest common factor of 44 and y.
44
Suppose -4*q = z - 21, 2*z - 4*q + 16 = -2*z. Let p be -1*(-8 + 1)*1. What is the greatest common factor of z and p?
1
Let h(s) = s**2 + 21. Let t be h(0). Let q = 1593 + -1509. What is the greatest common divisor of q and t?
21
Let x(u) = u**3 - 15*u**2 + 6*u - 10. Let i be 10*(9/(-6) - -3). Let y be x(i). What is the greatest common factor of y and 16?
16
Let r(b) = 12*b + 2. Let l be r(1). Let m(g) = -125*g + 1. Suppose 4 = -d + 3. Let s be m(d). What is the highest common factor of l and s?
14
Let m(h) = 2*h + 85. Let g be m(-6). Calculate the greatest common factor of 584 and g.
73
Let g = 71 - 38. Let o = 44 - 11. What is the highest common factor of g and o?
33
Let n = 343 - 284. What is the greatest common divisor of n and 177?
59
Suppose -27*s = -22*s - 1300. Calculate the greatest common divisor of 40 and s.
20
Suppose b + b - 4 = 0. Suppose 86 = -b*k + 3*k - 5*f, k - f